{"id":5166,"date":"2025-12-23T12:22:59","date_gmt":"2025-12-23T12:22:59","guid":{"rendered":"https:\/\/blizzcool.es\/sem categoria\/ar-condicionado-portatil-industrial-blizzcool-ac2700-1\/"},"modified":"2025-12-23T12:22:59","modified_gmt":"2025-12-23T12:22:59","slug":"ar-condicionado-portatil-industrial-blizzcool-ac2700-1","status":"publish","type":"product","link":"https:\/\/blizzcool.es\/pt-pt\/ar-condicionado-portatil-industrial\/ar-condicionado-portatil-industrial-blizzcool-ac2700-1\/","title":{"rendered":"Ar condicionado port\u00e1til industrial Blizzcool AC2700\/1"},"content":{"rendered":"<h2 data-start=\"488\" data-end=\"516\">Especifica\u00e7\u00f5es t\u00e9cnicas<\/h2>\n<ul data-start=\"518\" data-end=\"969\">\n<li data-start=\"518\" data-end=\"553\">Alimenta\u00e7\u00e3o: 220\u2013240 V \/ 50 Hz<\/li>\n<li data-start=\"554\" data-end=\"604\">Capacidade frigor\u00edfica: 2,7 kW (2700 frigorias)<\/li>\n<li data-start=\"605\" data-end=\"632\">Pot\u00eancia nominal: 950 W<\/li>\n<li data-start=\"633\" data-end=\"661\">Corrente nominal: 4,2 A<\/li>\n<li data-start=\"662\" data-end=\"690\">Caudal de ar: 400 m\u00b3\/h<\/li>\n<li data-start=\"691\" data-end=\"728\">Press\u00e3o m\u00e1xima de aspira\u00e7\u00e3o: 10 bar<\/li>\n<li data-start=\"729\" data-end=\"764\">Press\u00e3o m\u00e1xima de descarga: 25 bar<\/li>\n<li data-start=\"765\" data-end=\"795\">Refrigerante: R290 (250 g)<\/li>\n<li data-start=\"796\" data-end=\"830\">Ambiente de servi\u00e7o: 18\u201345 \u00b0C<\/li>\n<li data-start=\"831\" data-end=\"857\">N\u00edvel sonoro: 55 dB(A)<\/li>\n<li data-start=\"858\" data-end=\"890\">Dep\u00f3sito de condensados: 5 L<\/li>\n<li data-start=\"891\" data-end=\"926\">Dimens\u00f5es: 405 \u00d7 430 \u00d7 855 mm<\/li>\n<li data-start=\"927\" data-end=\"947\">Peso l\u00edquido: 42 kg<\/li>\n<li data-start=\"948\" data-end=\"969\">Peso bruto: 47 kg<\/li>\n<\/ul>\n<h2 data-start=\"976\" data-end=\"1003\">Caracter\u00edsticas t\u00e9cnicas<\/h2>\n<ul data-start=\"1005\" data-end=\"1344\">\n<li data-start=\"1005\" data-end=\"1048\">Compressor herm\u00e9tico de alto desempenho<\/li>\n<li data-start=\"1049\" data-end=\"1080\">Refrigerante ecol\u00f3gico R290<\/li>\n<li data-start=\"1081\" data-end=\"1127\">Prote\u00e7\u00e3o contra sobrecarga do compressor<\/li>\n<li data-start=\"1128\" data-end=\"1178\">Prote\u00e7\u00e3o contra sobreaquecimento do motor<\/li>\n<li data-start=\"1179\" data-end=\"1222\">Rein\u00edcio retardado de seguran\u00e7a (3 min)<\/li>\n<li data-start=\"1223\" data-end=\"1248\">Alarme de dep\u00f3sito cheio<\/li>\n<li data-start=\"1249\" data-end=\"1267\">Filtro lav\u00e1vel<\/li>\n<li data-start=\"1268\" data-end=\"1306\">Rodas industriais 360\u00b0 com trav\u00e3o<\/li>\n<li data-start=\"1307\" data-end=\"1344\">Conduta direcional de impuls\u00e3o<\/li>\n<\/ul>\n","protected":false},"excerpt":{"rendered":"<p>O ar condicionado port\u00e1til Blizzcool AC-2700\/1 \u00e9 uma solu\u00e7\u00e3o profissional de climatiza\u00e7\u00e3o concebida para ambientes industriais e comerciais. Gra\u00e7as ao seu sistema de refrigera\u00e7\u00e3o por compressor e uma capacidade de 2700 frigorias, proporciona um arrefecimento eficiente, est\u00e1vel e r\u00e1pido em espa\u00e7os de trabalho exigentes. <\/p>\n","protected":false},"featured_media":287,"comment_status":"open","ping_status":"closed","template":"","meta":{"_acf_changed":false,"site-sidebar-layout":"default","site-content-layout":"","ast-site-content-layout":"default","site-content-style":"default","site-sidebar-style":"default","ast-global-header-display":"","ast-banner-title-visibility":"","ast-main-header-display":"","ast-hfb-above-header-display":"","ast-hfb-below-header-display":"","ast-hfb-mobile-header-display":"","site-post-title":"","ast-breadcrumbs-content":"","ast-featured-img":"","footer-sml-layout":"","ast-disable-related-posts":"","theme-transparent-header-meta":"default","adv-header-id-meta":"","stick-header-meta":"","header-above-stick-meta":"","header-main-stick-meta":"","header-below-stick-meta":"","astra-migrate-meta-layouts":"default","ast-page-background-enabled":"default","ast-page-background-meta":{"desktop":{"background-color":"var(--ast-global-color-5)","background-image":"","background-repeat":"repeat","background-position":"center center","background-size":"auto","background-attachment":"scroll","background-type":"","background-media":"","overlay-type":"","overlay-color":"","overlay-opacity":"","overlay-gradient":""},"tablet":{"background-color":"","background-image":"","background-repeat":"repeat","background-position":"center center","background-size":"auto","background-attachment":"scroll","background-type":"","background-media":"","overlay-type":"","overlay-color":"","overlay-opacity":"","overlay-gradient":""},"mobile":{"background-color":"","background-image":"","background-repeat":"repeat","background-position":"center center","background-size":"auto","background-attachment":"scroll","background-type":"","background-media":"","overlay-type":"","overlay-color":"","overlay-opacity":"","overlay-gradient":""}},"ast-content-background-meta":{"desktop":{"background-color":"var(--ast-global-color-4)","background-image":"","background-repeat":"repeat","background-position":"center center","background-size":"auto","background-attachment":"scroll","background-type":"","background-media":"","overlay-type":"","overlay-color":"","overlay-opacity":"","overlay-gradient":""},"tablet":{"background-color":"var(--ast-global-color-4)","background-image":"","background-repeat":"repeat","background-position":"center center","background-size":"auto","background-attachment":"scroll","background-type":"","background-media":"","overlay-type":"","overlay-color":"","overlay-opacity":"","overlay-gradient":""},"mobile":{"background-color":"var(--ast-global-color-4)","background-image":"","background-repeat":"repeat","background-position":"center center","background-size":"auto","background-attachment":"scroll","background-type":"","background-media":"","overlay-type":"","overlay-color":"","overlay-opacity":"","overlay-gradient":""}}},"product_brand":[],"product_cat":[203],"product_tag":[],"class_list":{"0":"post-5166","1":"product","2":"type-product","3":"status-publish","4":"has-post-thumbnail","6":"product_cat-ar-condicionado-portatil-industrial","7":"desktop-align-left","8":"tablet-align-left","9":"mobile-align-left","11":"first","12":"instock","13":"taxable","14":"shipping-taxable","15":"purchasable","16":"product-type-simple"},"acf":[],"_links":{"self":[{"href":"https:\/\/blizzcool.es\/pt-pt\/wp-json\/wp\/v2\/product\/5166","targetHints":{"allow":["GET"]}}],"collection":[{"href":"https:\/\/blizzcool.es\/pt-pt\/wp-json\/wp\/v2\/product"}],"about":[{"href":"https:\/\/blizzcool.es\/pt-pt\/wp-json\/wp\/v2\/types\/product"}],"replies":[{"embeddable":true,"href":"https:\/\/blizzcool.es\/pt-pt\/wp-json\/wp\/v2\/comments?post=5166"}],"wp:featuredmedia":[{"embeddable":true,"href":"https:\/\/blizzcool.es\/pt-pt\/wp-json\/wp\/v2\/media\/287"}],"wp:attachment":[{"href":"https:\/\/blizzcool.es\/pt-pt\/wp-json\/wp\/v2\/media?parent=5166"}],"wp:term":[{"taxonomy":"product_brand","embeddable":true,"href":"https:\/\/blizzcool.es\/pt-pt\/wp-json\/wp\/v2\/product_brand?post=5166"},{"taxonomy":"product_cat","embeddable":true,"href":"https:\/\/blizzcool.es\/pt-pt\/wp-json\/wp\/v2\/product_cat?post=5166"},{"taxonomy":"product_tag","embeddable":true,"href":"https:\/\/blizzcool.es\/pt-pt\/wp-json\/wp\/v2\/product_tag?post=5166"}],"curies":[{"name":"wp","href":"https:\/\/api.w.org\/{rel}","templated":true}]}}

Ar condicionado portátil industrial Blizzcool AC2700/1

<h2 data-start="488" data-end="516">Especificações técnicas</h2>
<ul data-start="518" data-end="969">
<li data-start="518" data-end="553">Alimentação: 220–240 V / 50 Hz</li>
<li data-start="554" data-end="604">Capacidade frigorífica: 2,7 kW (2700 frigorias)</li>
<li data-start="605" data-end="632">Potência nominal: 950 W</li>
<li data-start="633" data-end="661">Corrente nominal: 4,2 A</li>
<li data-start="662" data-end="690">Caudal de ar: 400 m³/h</li>
<li data-start="691" data-end="728">Pressão máxima de aspiração: 10 bar</li>
<li data-start="729" data-end="764">Pressão máxima de descarga: 25 bar</li>
<li data-start="765" data-end="795">Refrigerante: R290 (250 g)</li>
<li data-start="796" data-end="830">Ambiente de serviço: 18–45 °C</li>
<li data-start="831" data-end="857">Nível sonoro: 55 dB(A)</li>
<li data-start="858" data-end="890">Depósito de condensados: 5 L</li>
<li data-start="891" data-end="926">Dimensões: 405 × 430 × 855 mm</li>
<li data-start="927" data-end="947">Peso líquido: 42 kg</li>
<li data-start="948" data-end="969">Peso bruto: 47 kg</li>
</ul>
<h2 data-start="976" data-end="1003">Características técnicas</h2>
<ul data-start="1005" data-end="1344">
<li data-start="1005" data-end="1048">Compressor hermético de alto desempenho</li>
<li data-start="1049" data-end="1080">Refrigerante ecológico R290</li>
<li data-start="1081" data-end="1127">Proteção contra sobrecarga do compressor</li>
<li data-start="1128" data-end="1178">Proteção contra sobreaquecimento do motor</li>
<li data-start="1179" data-end="1222">Reinício retardado de segurança (3 min)</li>
<li data-start="1223" data-end="1248">Alarme de depósito cheio</li>
<li data-start="1249" data-end="1267">Filtro lavável</li>
<li data-start="1268" data-end="1306">Rodas industriais 360° com travão</li>
<li data-start="1307" data-end="1344">Conduta direcional de impulsão</li>
</ul>

<p>O ar condicionado portátil Blizzcool AC-2700/1 é uma solução profissional de climatização concebida para ambientes industriais e comerciais. Graças ao seu sistema de refrigeração por compressor e uma capacidade de 2700 frigorias, proporciona um arrefecimento eficiente, estável e rápido em espaços de trabalho exigentes. </p>
