{"id":5154,"date":"2025-12-23T12:22:59","date_gmt":"2025-12-23T12:22:59","guid":{"rendered":"https:\/\/blizzcool.es\/sem categoria\/ar-condicionado-portatil-industrial-blizzcool-ac3500-2\/"},"modified":"2025-12-23T12:22:59","modified_gmt":"2025-12-23T12:22:59","slug":"ar-condicionado-portatil-industrial-blizzcool-ac3500-2","status":"publish","type":"product","link":"https:\/\/blizzcool.es\/pt-pt\/ar-condicionado-portatil-industrial\/ar-condicionado-portatil-industrial-blizzcool-ac3500-2\/","title":{"rendered":"Ar condicionado port\u00e1til industrial Blizzcool AC3500\/2"},"content":{"rendered":"<h2 data-start=\"1742\" data-end=\"1770\">Especifica\u00e7\u00f5es t\u00e9cnicas<\/h2>\n<ul data-start=\"1772\" data-end=\"2224\">\n<li data-start=\"1772\" data-end=\"1807\">Alimenta\u00e7\u00e3o: 220\u2013240 V \/ 50 Hz<\/li>\n<li data-start=\"1808\" data-end=\"1858\">Capacidade frigor\u00edfica: 3,5 kW (3500 frigorias)<\/li>\n<li data-start=\"1859\" data-end=\"1887\">Pot\u00eancia nominal: 1400 W<\/li>\n<li data-start=\"1888\" data-end=\"1916\">Corrente nominal: 6,2 A<\/li>\n<li data-start=\"1917\" data-end=\"1945\">Caudal de ar: 600 m\u00b3\/h<\/li>\n<li data-start=\"1946\" data-end=\"1983\">Press\u00e3o m\u00e1xima de aspira\u00e7\u00e3o: 10 bar<\/li>\n<li data-start=\"1984\" data-end=\"2019\">Press\u00e3o m\u00e1xima de descarga: 25 bar<\/li>\n<li data-start=\"2020\" data-end=\"2050\">Refrigerante: R290 (300 g)<\/li>\n<li data-start=\"2051\" data-end=\"2085\">Ambiente de servi\u00e7o: 18\u201345 \u00b0C<\/li>\n<li data-start=\"2086\" data-end=\"2112\">N\u00edvel sonoro: 57 dB(A)<\/li>\n<li data-start=\"2113\" data-end=\"2145\">Dep\u00f3sito de condensados: 7 L<\/li>\n<li data-start=\"2146\" data-end=\"2181\">Dimens\u00f5es: 430 \u00d7 493 \u00d7 944 mm<\/li>\n<li data-start=\"2182\" data-end=\"2202\">Peso l\u00edquido: 49 kg<\/li>\n<li data-start=\"2203\" data-end=\"2224\">Peso bruto: 56 kg<\/li>\n<\/ul>\n<h2 data-start=\"2231\" data-end=\"2258\">Caracter\u00edsticas t\u00e9cnicas<\/h2>\n<ul data-start=\"2260\" data-end=\"2602\">\n<li data-start=\"2260\" data-end=\"2294\">Compressor herm\u00e9tico industrial<\/li>\n<li data-start=\"2295\" data-end=\"2326\">Refrigerante ecol\u00f3gico R290<\/li>\n<li data-start=\"2327\" data-end=\"2362\">Prote\u00e7\u00e3o contra sobrecarga do compressor<\/li>\n<li data-start=\"2363\" data-end=\"2402\">Prote\u00e7\u00e3o contra sobreaquecimento do motor<\/li>\n<li data-start=\"2403\" data-end=\"2424\">Temporizador 24 h<\/li>\n<li data-start=\"2425\" data-end=\"2462\">V\u00e1rios modos de funcionamento<\/li>\n<li data-start=\"2463\" data-end=\"2498\">Rein\u00edcio de seguran\u00e7a retardado<\/li>\n<li data-start=\"2499\" data-end=\"2517\">Filtro lav\u00e1vel<\/li>\n<li data-start=\"2518\" data-end=\"2557\">Rodas industriais refor\u00e7adas 360\u00b0<\/li>\n<li data-start=\"2558\" data-end=\"2602\">Conduta(s) direcional(is) de insufla\u00e7\u00e3o<\/li>\n<\/ul>\n","protected":false},"excerpt":{"rendered":"<p>O <strong>ar condicionado port\u00e1til Blizzcool AC 3500\/2<\/strong> foi concebido para a climatiza\u00e7\u00e3o eficiente de <strong>ambientes industriais e comerciais<\/strong>. Com uma capacidade de 3500 frigorias e sistema de refrigera\u00e7\u00e3o por compressor, oferece um arrefecimento potente, est\u00e1vel e de baixo consumo, ideal para oficinas, armaz\u00e9ns, f\u00e1bricas e eventos. <\/p>\n","protected":false},"featured_media":650,"comment_status":"open","ping_status":"closed","template":"","meta":{"_acf_changed":false,"site-sidebar-layout":"default","site-content-layout":"","ast-site-content-layout":"default","site-content-style":"default","site-sidebar-style":"default","ast-global-header-display":"","ast-banner-title-visibility":"","ast-main-header-display":"","ast-hfb-above-header-display":"","ast-hfb-below-header-display":"","ast-hfb-mobile-header-display":"","site-post-title":"","ast-breadcrumbs-content":"","ast-featured-img":"","footer-sml-layout":"","ast-disable-related-posts":"","theme-transparent-header-meta":"default","adv-header-id-meta":"","stick-header-meta":"","header-above-stick-meta":"","header-main-stick-meta":"","header-below-stick-meta":"","astra-migrate-meta-layouts":"default","ast-page-background-enabled":"default","ast-page-background-meta":{"desktop":{"background-color":"var(--ast-global-color-5)","background-image":"","background-repeat":"repeat","background-position":"center center","background-size":"auto","background-attachment":"scroll","background-type":"","background-media":"","overlay-type":"","overlay-color":"","overlay-opacity":"","overlay-gradient":""},"tablet":{"background-color":"","background-image":"","background-repeat":"repeat","background-position":"center center","background-size":"auto","background-attachment":"scroll","background-type":"","background-media":"","overlay-type":"","overlay-color":"","overlay-opacity":"","overlay-gradient":""},"mobile":{"background-color":"","background-image":"","background-repeat":"repeat","background-position":"center center","background-size":"auto","background-attachment":"scroll","background-type":"","background-media":"","overlay-type":"","overlay-color":"","overlay-opacity":"","overlay-gradient":""}},"ast-content-background-meta":{"desktop":{"background-color":"var(--ast-global-color-4)","background-image":"","background-repeat":"repeat","background-position":"center center","background-size":"auto","background-attachment":"scroll","background-type":"","background-media":"","overlay-type":"","overlay-color":"","overlay-opacity":"","overlay-gradient":""},"tablet":{"background-color":"var(--ast-global-color-4)","background-image":"","background-repeat":"repeat","background-position":"center center","background-size":"auto","background-attachment":"scroll","background-type":"","background-media":"","overlay-type":"","overlay-color":"","overlay-opacity":"","overlay-gradient":""},"mobile":{"background-color":"var(--ast-global-color-4)","background-image":"","background-repeat":"repeat","background-position":"center center","background-size":"auto","background-attachment":"scroll","background-type":"","background-media":"","overlay-type":"","overlay-color":"","overlay-opacity":"","overlay-gradient":""}}},"product_brand":[],"product_cat":[203],"product_tag":[],"class_list":{"0":"post-5154","1":"product","2":"type-product","3":"status-publish","4":"has-post-thumbnail","6":"product_cat-ar-condicionado-portatil-industrial","7":"desktop-align-left","8":"tablet-align-left","9":"mobile-align-left","11":"first","12":"instock","13":"taxable","14":"shipping-taxable","15":"purchasable","16":"product-type-simple"},"acf":[],"_links":{"self":[{"href":"https:\/\/blizzcool.es\/pt-pt\/wp-json\/wp\/v2\/product\/5154","targetHints":{"allow":["GET"]}}],"collection":[{"href":"https:\/\/blizzcool.es\/pt-pt\/wp-json\/wp\/v2\/product"}],"about":[{"href":"https:\/\/blizzcool.es\/pt-pt\/wp-json\/wp\/v2\/types\/product"}],"replies":[{"embeddable":true,"href":"https:\/\/blizzcool.es\/pt-pt\/wp-json\/wp\/v2\/comments?post=5154"}],"wp:featuredmedia":[{"embeddable":true,"href":"https:\/\/blizzcool.es\/pt-pt\/wp-json\/wp\/v2\/media\/650"}],"wp:attachment":[{"href":"https:\/\/blizzcool.es\/pt-pt\/wp-json\/wp\/v2\/media?parent=5154"}],"wp:term":[{"taxonomy":"product_brand","embeddable":true,"href":"https:\/\/blizzcool.es\/pt-pt\/wp-json\/wp\/v2\/product_brand?post=5154"},{"taxonomy":"product_cat","embeddable":true,"href":"https:\/\/blizzcool.es\/pt-pt\/wp-json\/wp\/v2\/product_cat?post=5154"},{"taxonomy":"product_tag","embeddable":true,"href":"https:\/\/blizzcool.es\/pt-pt\/wp-json\/wp\/v2\/product_tag?post=5154"}],"curies":[{"name":"wp","href":"https:\/\/api.w.org\/{rel}","templated":true}]}}

Ar condicionado portátil industrial Blizzcool AC3500/2

<h2 data-start="1742" data-end="1770">Especificações técnicas</h2>
<ul data-start="1772" data-end="2224">
<li data-start="1772" data-end="1807">Alimentação: 220–240 V / 50 Hz</li>
<li data-start="1808" data-end="1858">Capacidade frigorífica: 3,5 kW (3500 frigorias)</li>
<li data-start="1859" data-end="1887">Potência nominal: 1400 W</li>
<li data-start="1888" data-end="1916">Corrente nominal: 6,2 A</li>
<li data-start="1917" data-end="1945">Caudal de ar: 600 m³/h</li>
<li data-start="1946" data-end="1983">Pressão máxima de aspiração: 10 bar</li>
<li data-start="1984" data-end="2019">Pressão máxima de descarga: 25 bar</li>
<li data-start="2020" data-end="2050">Refrigerante: R290 (300 g)</li>
<li data-start="2051" data-end="2085">Ambiente de serviço: 18–45 °C</li>
<li data-start="2086" data-end="2112">Nível sonoro: 57 dB(A)</li>
<li data-start="2113" data-end="2145">Depósito de condensados: 7 L</li>
<li data-start="2146" data-end="2181">Dimensões: 430 × 493 × 944 mm</li>
<li data-start="2182" data-end="2202">Peso líquido: 49 kg</li>
<li data-start="2203" data-end="2224">Peso bruto: 56 kg</li>
</ul>
<h2 data-start="2231" data-end="2258">Características técnicas</h2>
<ul data-start="2260" data-end="2602">
<li data-start="2260" data-end="2294">Compressor hermético industrial</li>
<li data-start="2295" data-end="2326">Refrigerante ecológico R290</li>
<li data-start="2327" data-end="2362">Proteção contra sobrecarga do compressor</li>
<li data-start="2363" data-end="2402">Proteção contra sobreaquecimento do motor</li>
<li data-start="2403" data-end="2424">Temporizador 24 h</li>
<li data-start="2425" data-end="2462">Vários modos de funcionamento</li>
<li data-start="2463" data-end="2498">Reinício de segurança retardado</li>
<li data-start="2499" data-end="2517">Filtro lavável</li>
<li data-start="2518" data-end="2557">Rodas industriais reforçadas 360°</li>
<li data-start="2558" data-end="2602">Conduta(s) direcional(is) de insuflação</li>
</ul>

<p>O <strong>ar condicionado portátil Blizzcool AC 3500/2</strong> foi concebido para a climatização eficiente de <strong>ambientes industriais e comerciais</strong>. Com uma capacidade de 3500 frigorias e sistema de refrigeração por compressor, oferece um arrefecimento potente, estável e de baixo consumo, ideal para oficinas, armazéns, fábricas e eventos. </p>
