{"id":4385,"date":"2026-01-14T12:10:20","date_gmt":"2026-01-14T12:10:20","guid":{"rendered":"https:\/\/blizzcool.es\/sem categoria\/ventilador-industrial-de-parede-bp900\/"},"modified":"2026-01-14T12:10:20","modified_gmt":"2026-01-14T12:10:20","slug":"ventilador-industrial-de-parede-bp900","status":"publish","type":"product","link":"https:\/\/blizzcool.es\/pt-pt\/ventilador-industrial\/ventilador-industrial-de-parede-bp900\/","title":{"rendered":"Ventilador Industrial de Parede BP900"},"content":{"rendered":"<h2 data-start=\"721\" data-end=\"751\">Principais caracter\u00edsticas<\/h2>\n<p data-start=\"753\" data-end=\"982\">Ventilador industrial mural de alta efici\u00eancia<br data-start=\"799\" data-end=\"802\"\/>Motor s\u00edncrono de \u00edmanes permanentes<br data-start=\"838\" data-end=\"841\"\/>Controlo preciso do caudal de ar<br data-start=\"875\" data-end=\"878\"\/>P\u00e1s aerodin\u00e2micas de alum\u00ednio-magn\u00e9sio<br data-start=\"918\" data-end=\"921\"\/>Baixo n\u00edvel sonoro<br data-start=\"938\" data-end=\"941\"\/>Oscila\u00e7\u00e3o autom\u00e1tica esquerda-direita<\/p>\n<h2 data-start=\"984\" data-end=\"1004\">Detalhes t\u00e9cnicos<\/h2>\n<p data-start=\"1006\" data-end=\"1246\"><strong data-start=\"120\" data-end=\"130\">Modelo<\/strong> BP 900<br data-start=\"137\" data-end=\"140\"><strong data-start=\"140\" data-end=\"152\">Di\u00e2metro<\/strong> 900 mm<br data-start=\"159\" data-end=\"162\"><strong data-start=\"162\" data-end=\"180\">Caudal de ar<\/strong> 16.000 m\u00b3\/h<br data-start=\"192\" data-end=\"195\" data-is-only-node=\"\"><strong data-start=\"195\" data-end=\"217\">Velocidade do ar<\/strong> 6,8 m\/s<br data-start=\"225\" data-end=\"228\"><strong data-start=\"228\" data-end=\"240\">Pot\u00eancia<\/strong> 0,55 kW<br data-start=\"248\" data-end=\"251\"><strong data-start=\"251\" data-end=\"271\">Velocidade m\u00e1xima<\/strong> 870 RPM<br data-start=\"279\" data-end=\"282\"><strong data-start=\"282\" data-end=\"298\">Alimenta\u00e7\u00e3o<\/strong> 220 \/ 380 V \u00b7 50 \/ 60 Hz<br data-start=\"323\" data-end=\"326\"><strong data-start=\"326\" data-end=\"342\">N\u00edvel sonoro<\/strong> \u2264 45 dB<br data-start=\"350\" data-end=\"353\"><strong data-start=\"353\" data-end=\"373\">Alcance do ar<\/strong> \u2264 20 m<\/p>\n","protected":false},"excerpt":{"rendered":"<p data-start=\"805\" data-end=\"1039\">Ventilador industrial mural concebido para a ventila\u00e7\u00e3o cont\u00ednua de espa\u00e7os industriais m\u00e9dios. Adequado para zonas de produ\u00e7\u00e3o, gin\u00e1sios, \u00e1reas log\u00edsticas e espa\u00e7os de trabalho onde \u00e9 necess\u00e1ria efici\u00eancia e baixo n\u00edvel sonoro. <\/p>\n<p data-start=\"1041\" data-end=\"1288\">Incorpora um motor s\u00edncrono de \u00edmanes permanentes com controlo de velocidade que permite ajustar o caudal de ar conforme as necessidades do ambiente. As suas p\u00e1s aerodin\u00e2micas de alum\u00ednio-magn\u00e9sio asseguram uma distribui\u00e7\u00e3o de ar est\u00e1vel e homog\u00e9nea. <\/p>\n","protected":false},"featured_media":2301,"comment_status":"open","ping_status":"closed","template":"","meta":{"_acf_changed":false,"site-sidebar-layout":"default","site-content-layout":"","ast-site-content-layout":"default","site-content-style":"default","site-sidebar-style":"default","ast-global-header-display":"","ast-banner-title-visibility":"","ast-main-header-display":"","ast-hfb-above-header-display":"","ast-hfb-below-header-display":"","ast-hfb-mobile-header-display":"","site-post-title":"","ast-breadcrumbs-content":"","ast-featured-img":"","footer-sml-layout":"","ast-disable-related-posts":"","theme-transparent-header-meta":"default","adv-header-id-meta":"","stick-header-meta":"","header-above-stick-meta":"","header-main-stick-meta":"","header-below-stick-meta":"","astra-migrate-meta-layouts":"default","ast-page-background-enabled":"default","ast-page-background-meta":{"desktop":{"background-color":"var(--ast-global-color-5)","background-image":"","background-repeat":"repeat","background-position":"center center","background-size":"auto","background-attachment":"scroll","background-type":"","background-media":"","overlay-type":"","overlay-color":"","overlay-opacity":"","overlay-gradient":""},"tablet":{"background-color":"","background-image":"","background-repeat":"repeat","background-position":"center center","background-size":"auto","background-attachment":"scroll","background-type":"","background-media":"","overlay-type":"","overlay-color":"","overlay-opacity":"","overlay-gradient":""},"mobile":{"background-color":"","background-image":"","background-repeat":"repeat","background-position":"center center","background-size":"auto","background-attachment":"scroll","background-type":"","background-media":"","overlay-type":"","overlay-color":"","overlay-opacity":"","overlay-gradient":""}},"ast-content-background-meta":{"desktop":{"background-color":"var(--ast-global-color-4)","background-image":"","background-repeat":"repeat","background-position":"center center","background-size":"auto","background-attachment":"scroll","background-type":"","background-media":"","overlay-type":"","overlay-color":"","overlay-opacity":"","overlay-gradient":""},"tablet":{"background-color":"var(--ast-global-color-4)","background-image":"","background-repeat":"repeat","background-position":"center center","background-size":"auto","background-attachment":"scroll","background-type":"","background-media":"","overlay-type":"","overlay-color":"","overlay-opacity":"","overlay-gradient":""},"mobile":{"background-color":"var(--ast-global-color-4)","background-image":"","background-repeat":"repeat","background-position":"center center","background-size":"auto","background-attachment":"scroll","background-type":"","background-media":"","overlay-type":"","overlay-color":"","overlay-opacity":"","overlay-gradient":""}}},"product_brand":[],"product_cat":[124,156],"product_tag":[],"class_list":{"0":"post-4385","1":"product","2":"type-product","3":"status-publish","4":"has-post-thumbnail","6":"product_cat-ventilador-industrial","7":"product_cat-parede","8":"desktop-align-left","9":"tablet-align-left","10":"mobile-align-left","12":"first","13":"instock","14":"taxable","15":"shipping-taxable","16":"purchasable","17":"product-type-simple"},"acf":[],"_links":{"self":[{"href":"https:\/\/blizzcool.es\/pt-pt\/wp-json\/wp\/v2\/product\/4385","targetHints":{"allow":["GET"]}}],"collection":[{"href":"https:\/\/blizzcool.es\/pt-pt\/wp-json\/wp\/v2\/product"}],"about":[{"href":"https:\/\/blizzcool.es\/pt-pt\/wp-json\/wp\/v2\/types\/product"}],"replies":[{"embeddable":true,"href":"https:\/\/blizzcool.es\/pt-pt\/wp-json\/wp\/v2\/comments?post=4385"}],"wp:featuredmedia":[{"embeddable":true,"href":"https:\/\/blizzcool.es\/pt-pt\/wp-json\/wp\/v2\/media\/2301"}],"wp:attachment":[{"href":"https:\/\/blizzcool.es\/pt-pt\/wp-json\/wp\/v2\/media?parent=4385"}],"wp:term":[{"taxonomy":"product_brand","embeddable":true,"href":"https:\/\/blizzcool.es\/pt-pt\/wp-json\/wp\/v2\/product_brand?post=4385"},{"taxonomy":"product_cat","embeddable":true,"href":"https:\/\/blizzcool.es\/pt-pt\/wp-json\/wp\/v2\/product_cat?post=4385"},{"taxonomy":"product_tag","embeddable":true,"href":"https:\/\/blizzcool.es\/pt-pt\/wp-json\/wp\/v2\/product_tag?post=4385"}],"curies":[{"name":"wp","href":"https:\/\/api.w.org\/{rel}","templated":true}]}}

<h2 data-start="721" data-end="751">Principais características</h2>
<p data-start="753" data-end="982">Ventilador industrial mural de alta eficiência<br data-start="799" data-end="802"/>Motor síncrono de ímanes permanentes<br data-start="838" data-end="841"/>Controlo preciso do caudal de ar<br data-start="875" data-end="878"/>Pás aerodinâmicas de alumínio-magnésio<br data-start="918" data-end="921"/>Baixo nível sonoro<br data-start="938" data-end="941"/>Oscilação automática esquerda-direita</p>
<h2 data-start="984" data-end="1004">Detalhes técnicos</h2>
<p data-start="1006" data-end="1246"><strong data-start="120" data-end="130">Modelo</strong> BP 900<br data-start="137" data-end="140"><strong data-start="140" data-end="152">Diâmetro</strong> 900 mm<br data-start="159" data-end="162"><strong data-start="162" data-end="180">Caudal de ar</strong> 16.000 m³/h<br data-start="192" data-end="195" data-is-only-node=""><strong data-start="195" data-end="217">Velocidade do ar</strong> 6,8 m/s<br data-start="225" data-end="228"><strong data-start="228" data-end="240">Potência</strong> 0,55 kW<br data-start="248" data-end="251"><strong data-start="251" data-end="271">Velocidade máxima</strong> 870 RPM<br data-start="279" data-end="282"><strong data-start="282" data-end="298">Alimentação</strong> 220 / 380 V · 50 / 60 Hz<br data-start="323" data-end="326"><strong data-start="326" data-end="342">Nível sonoro</strong> ≤ 45 dB<br data-start="350" data-end="353"><strong data-start="353" data-end="373">Alcance do ar</strong> ≤ 20 m</p>

<p data-start="805" data-end="1039">Ventilador industrial mural concebido para a ventilação contínua de espaços industriais médios. Adequado para zonas de produção, ginásios, áreas logísticas e espaços de trabalho onde é necessária eficiência e baixo nível sonoro. </p>
<p data-start="1041" data-end="1288">Incorpora um motor síncrono de ímanes permanentes com controlo de velocidade que permite ajustar o caudal de ar conforme as necessidades do ambiente. As suas pás aerodinâmicas de alumínio-magnésio asseguram uma distribuição de ar estável e homogénea. </p>
