{"id":4361,"date":"2026-01-14T12:01:09","date_gmt":"2026-01-14T12:01:09","guid":{"rendered":"https:\/\/blizzcool.es\/sem categoria\/ventilador-industrial-de-parede-bp1200\/"},"modified":"2026-01-14T12:01:09","modified_gmt":"2026-01-14T12:01:09","slug":"ventilador-industrial-de-parede-bp1200","status":"publish","type":"product","link":"https:\/\/blizzcool.es\/pt-pt\/ventilador-industrial\/ventilador-industrial-de-parede-bp1200\/","title":{"rendered":"Ventilador Industrial de Parede BP1200"},"content":{"rendered":"<h2 data-start=\"139\" data-end=\"169\">Caracter\u00edsticas principais<\/h2>\n<p data-start=\"171\" data-end=\"449\">Ventilador industrial de parede de alto desempenho<br data-start=\"221\" data-end=\"224\"\/>Motor de \u00edmanes permanentes com variador de frequ\u00eancia<br data-start=\"278\" data-end=\"281\"\/>Regula\u00e7\u00e3o cont\u00ednua de velocidade<br data-start=\"313\" data-end=\"316\"\/>P\u00e1s de alum\u00ednio-magn\u00e9sio de alta resist\u00eancia<br data-start=\"362\" data-end=\"365\"\/>Funcionamento silencioso e baixo consumo<br data-start=\"405\" data-end=\"408\"\/>Oscila\u00e7\u00e3o lateral para maior cobertura<\/p>\n<h2 data-start=\"451\" data-end=\"471\">Detalhes t\u00e9cnicos<\/h2>\n<p data-start=\"93\" data-end=\"357\"><strong data-start=\"93\" data-end=\"103\">Modelo<\/strong> BP 1200<br data-start=\"111\" data-end=\"114\"><strong data-start=\"114\" data-end=\"126\">Di\u00e2metro<\/strong> 1200 mm<br data-start=\"134\" data-end=\"137\"><strong data-start=\"137\" data-end=\"155\">Caudal de ar<\/strong> 26 000 m\u00b3\/h<br data-start=\"167\" data-end=\"170\" data-is-only-node=\"\"><strong data-start=\"170\" data-end=\"192\">Velocidade do ar<\/strong> 6,3 m\/s<br data-start=\"200\" data-end=\"203\"><strong data-start=\"203\" data-end=\"215\">Pot\u00eancia<\/strong> 0,75 kW<br data-start=\"223\" data-end=\"226\"><strong data-start=\"226\" data-end=\"246\">Velocidade m\u00e1xima<\/strong> 600 RPM<br data-start=\"254\" data-end=\"257\"><strong data-start=\"257\" data-end=\"273\">Alimenta\u00e7\u00e3o<\/strong> 220 \/ 380 V \u00b7 50 \/ 60 Hz<br data-start=\"298\" data-end=\"301\"><strong data-start=\"301\" data-end=\"317\">N\u00edvel sonoro<\/strong> \u2264 45 dB<br data-start=\"325\" data-end=\"328\"><strong data-start=\"328\" data-end=\"348\">Alcance do ar<\/strong> \u2264 20 m<\/p>\n","protected":false},"excerpt":{"rendered":"<p data-start=\"215\" data-end=\"450\">Ventilador industrial de parede concebido para a ventila\u00e7\u00e3o eficiente de grandes espa\u00e7os onde n\u00e3o \u00e9 poss\u00edvel a instala\u00e7\u00e3o de ventiladores de teto. Ideal para pavilh\u00f5es industriais, armaz\u00e9ns log\u00edsticos, oficinas e grandes superf\u00edcies. <\/p>\n<p data-start=\"452\" data-end=\"758\">Equipado com um motor de \u00edmanes permanentes com variador de frequ\u00eancia que oferece alto desempenho com baixo consumo energ\u00e9tico e funcionamento silencioso. As suas p\u00e1s de alum\u00ednio-magn\u00e9sio geram um fluxo de ar potente e uniforme, melhorando a circula\u00e7\u00e3o do ar e o conforto t\u00e9rmico em ambientes exigentes. <\/p>\n","protected":false},"featured_media":2300,"comment_status":"open","ping_status":"closed","template":"","meta":{"_acf_changed":false,"site-sidebar-layout":"default","site-content-layout":"","ast-site-content-layout":"default","site-content-style":"default","site-sidebar-style":"default","ast-global-header-display":"","ast-banner-title-visibility":"","ast-main-header-display":"","ast-hfb-above-header-display":"","ast-hfb-below-header-display":"","ast-hfb-mobile-header-display":"","site-post-title":"","ast-breadcrumbs-content":"","ast-featured-img":"","footer-sml-layout":"","ast-disable-related-posts":"","theme-transparent-header-meta":"default","adv-header-id-meta":"","stick-header-meta":"","header-above-stick-meta":"","header-main-stick-meta":"","header-below-stick-meta":"","astra-migrate-meta-layouts":"default","ast-page-background-enabled":"default","ast-page-background-meta":{"desktop":{"background-color":"var(--ast-global-color-5)","background-image":"","background-repeat":"repeat","background-position":"center center","background-size":"auto","background-attachment":"scroll","background-type":"","background-media":"","overlay-type":"","overlay-color":"","overlay-opacity":"","overlay-gradient":""},"tablet":{"background-color":"","background-image":"","background-repeat":"repeat","background-position":"center center","background-size":"auto","background-attachment":"scroll","background-type":"","background-media":"","overlay-type":"","overlay-color":"","overlay-opacity":"","overlay-gradient":""},"mobile":{"background-color":"","background-image":"","background-repeat":"repeat","background-position":"center center","background-size":"auto","background-attachment":"scroll","background-type":"","background-media":"","overlay-type":"","overlay-color":"","overlay-opacity":"","overlay-gradient":""}},"ast-content-background-meta":{"desktop":{"background-color":"var(--ast-global-color-4)","background-image":"","background-repeat":"repeat","background-position":"center center","background-size":"auto","background-attachment":"scroll","background-type":"","background-media":"","overlay-type":"","overlay-color":"","overlay-opacity":"","overlay-gradient":""},"tablet":{"background-color":"var(--ast-global-color-4)","background-image":"","background-repeat":"repeat","background-position":"center center","background-size":"auto","background-attachment":"scroll","background-type":"","background-media":"","overlay-type":"","overlay-color":"","overlay-opacity":"","overlay-gradient":""},"mobile":{"background-color":"var(--ast-global-color-4)","background-image":"","background-repeat":"repeat","background-position":"center center","background-size":"auto","background-attachment":"scroll","background-type":"","background-media":"","overlay-type":"","overlay-color":"","overlay-opacity":"","overlay-gradient":""}}},"product_brand":[],"product_cat":[124,156],"product_tag":[],"class_list":{"0":"post-4361","1":"product","2":"type-product","3":"status-publish","4":"has-post-thumbnail","6":"product_cat-ventilador-industrial","7":"product_cat-parede","8":"desktop-align-left","9":"tablet-align-left","10":"mobile-align-left","12":"first","13":"instock","14":"taxable","15":"shipping-taxable","16":"purchasable","17":"product-type-simple"},"acf":[],"_links":{"self":[{"href":"https:\/\/blizzcool.es\/pt-pt\/wp-json\/wp\/v2\/product\/4361","targetHints":{"allow":["GET"]}}],"collection":[{"href":"https:\/\/blizzcool.es\/pt-pt\/wp-json\/wp\/v2\/product"}],"about":[{"href":"https:\/\/blizzcool.es\/pt-pt\/wp-json\/wp\/v2\/types\/product"}],"replies":[{"embeddable":true,"href":"https:\/\/blizzcool.es\/pt-pt\/wp-json\/wp\/v2\/comments?post=4361"}],"wp:featuredmedia":[{"embeddable":true,"href":"https:\/\/blizzcool.es\/pt-pt\/wp-json\/wp\/v2\/media\/2300"}],"wp:attachment":[{"href":"https:\/\/blizzcool.es\/pt-pt\/wp-json\/wp\/v2\/media?parent=4361"}],"wp:term":[{"taxonomy":"product_brand","embeddable":true,"href":"https:\/\/blizzcool.es\/pt-pt\/wp-json\/wp\/v2\/product_brand?post=4361"},{"taxonomy":"product_cat","embeddable":true,"href":"https:\/\/blizzcool.es\/pt-pt\/wp-json\/wp\/v2\/product_cat?post=4361"},{"taxonomy":"product_tag","embeddable":true,"href":"https:\/\/blizzcool.es\/pt-pt\/wp-json\/wp\/v2\/product_tag?post=4361"}],"curies":[{"name":"wp","href":"https:\/\/api.w.org\/{rel}","templated":true}]}}

<h2 data-start="139" data-end="169">Características principais</h2>
<p data-start="171" data-end="449">Ventilador industrial de parede de alto desempenho<br data-start="221" data-end="224"/>Motor de ímanes permanentes com variador de frequência<br data-start="278" data-end="281"/>Regulação contínua de velocidade<br data-start="313" data-end="316"/>Pás de alumínio-magnésio de alta resistência<br data-start="362" data-end="365"/>Funcionamento silencioso e baixo consumo<br data-start="405" data-end="408"/>Oscilação lateral para maior cobertura</p>
<h2 data-start="451" data-end="471">Detalhes técnicos</h2>
<p data-start="93" data-end="357"><strong data-start="93" data-end="103">Modelo</strong> BP 1200<br data-start="111" data-end="114"><strong data-start="114" data-end="126">Diâmetro</strong> 1200 mm<br data-start="134" data-end="137"><strong data-start="137" data-end="155">Caudal de ar</strong> 26 000 m³/h<br data-start="167" data-end="170" data-is-only-node=""><strong data-start="170" data-end="192">Velocidade do ar</strong> 6,3 m/s<br data-start="200" data-end="203"><strong data-start="203" data-end="215">Potência</strong> 0,75 kW<br data-start="223" data-end="226"><strong data-start="226" data-end="246">Velocidade máxima</strong> 600 RPM<br data-start="254" data-end="257"><strong data-start="257" data-end="273">Alimentação</strong> 220 / 380 V · 50 / 60 Hz<br data-start="298" data-end="301"><strong data-start="301" data-end="317">Nível sonoro</strong> ≤ 45 dB<br data-start="325" data-end="328"><strong data-start="328" data-end="348">Alcance do ar</strong> ≤ 20 m</p>

<p data-start="215" data-end="450">Ventilador industrial de parede concebido para a ventilação eficiente de grandes espaços onde não é possível a instalação de ventiladores de teto. Ideal para pavilhões industriais, armazéns logísticos, oficinas e grandes superfícies. </p>
<p data-start="452" data-end="758">Equipado com um motor de ímanes permanentes com variador de frequência que oferece alto desempenho com baixo consumo energético e funcionamento silencioso. As suas pás de alumínio-magnésio geram um fluxo de ar potente e uniforme, melhorando a circulação do ar e o conforto térmico em ambientes exigentes. </p>
